{"id":30,"date":"2025-09-23T16:16:51","date_gmt":"2025-09-23T16:16:51","guid":{"rendered":"https:\/\/www.cosmos.hosting\/web\/podcasts\/"},"modified":"2025-10-04T08:45:21","modified_gmt":"2025-10-04T08:45:21","slug":"services","status":"publish","type":"page","link":"https:\/\/www.cosmos.hosting\/web\/services\/","title":{"rendered":"Services"},"content":{"rendered":"\t\t<div data-elementor-type=\"wp-page\" data-elementor-id=\"30\" class=\"elementor elementor-30\" data-elementor-post-type=\"page\">\n\t\t\t\t<div class=\"elementor-element elementor-element-f684e07 animated-fast e-flex e-con-boxed elementor-invisible e-con e-parent\" data-id=\"f684e07\" data-element_type=\"container\" data-e-type=\"container\" data-settings=\"{&quot;animation&quot;:&quot;fadeIn&quot;}\">\n\t\t\t\t\t<div class=\"e-con-inner\">\n\t\t<div class=\"elementor-element elementor-element-b30088d e-con-full e-flex e-con e-child\" data-id=\"b30088d\" data-element_type=\"container\" data-e-type=\"container\" data-settings=\"{&quot;background_background&quot;:&quot;classic&quot;}\">\n\t\t<div class=\"elementor-element elementor-element-ab24c7d e-flex e-con-boxed e-con e-child\" data-id=\"ab24c7d\" data-element_type=\"container\" data-e-type=\"container\">\n\t\t\t\t\t<div class=\"e-con-inner\">\n\t\t\t\t<div class=\"elementor-element elementor-element-128b793 elementor-widget elementor-widget-text-editor\" data-id=\"128b793\" data-element_type=\"widget\" data-e-type=\"widget\" data-widget_type=\"text-editor.default\">\n\t\t\t\t\t\t\t\t\t<p>Nos Services<\/p>\t\t\t\t\t\t\t\t<\/div>\n\t\t\t\t<div class=\"elementor-element elementor-element-5125648 elementor-widget elementor-widget-text-editor\" data-id=\"5125648\" data-element_type=\"widget\" data-e-type=\"widget\" data-widget_type=\"text-editor.default\">\n\t\t\t\t\t\t\t\t\t<p>Chez Cosmos, nous offrons bien plus qu\u2019un simple h\u00e9bergement. Chaque service est con\u00e7u pour s\u2019adapter \u00e0 votre r\u00e9alit\u00e9, garantir la souverainet\u00e9 de vos donn\u00e9es, et vous accompagner avec un support humain et expert. D\u00e9couvrez notre offre sur mesure.<\/p>\t\t\t\t\t\t\t\t<\/div>\n\t\t\t\t\t<\/div>\n\t\t\t\t<\/div>\n\t\t\t\t<\/div>\n\t\t\t\t\t<\/div>\n\t\t\t\t<\/div>\n\t\t<div class=\"elementor-element elementor-element-d6625e1 animated-fast e-flex e-con-boxed elementor-invisible e-con e-parent\" data-id=\"d6625e1\" data-element_type=\"container\" data-e-type=\"container\" data-settings=\"{&quot;animation&quot;:&quot;fadeIn&quot;}\">\n\t\t\t\t\t<div class=\"e-con-inner\">\n\t\t<a class=\"eael-wrapper-link-5cf0b64 --eael-wrapper-link-tag\" href=\"https:\/\/www.cosmos.hosting\/web\/hebergement-securise\/\"><\/a><div data-eael-wrapper-link=\"eael-wrapper-link-5cf0b64\" class=\"elementor-element elementor-element-5cf0b64 e-con-full e-flex e-con e-child\" data-id=\"5cf0b64\" data-element_type=\"container\" data-e-type=\"container\" data-settings=\"{&quot;background_background&quot;:&quot;classic&quot;}\">\n\t\t\t\t<div class=\"elementor-element elementor-element-1bff8cc elementor-align-left elementor-mobile-align-left elementor-widget elementor-widget-button\" data-id=\"1bff8cc\" data-element_type=\"widget\" data-e-type=\"widget\" data-widget_type=\"button.default\">\n\t\t\t\t\t\t\t\t\t\t<a class=\"elementor-button elementor-button-link elementor-size-sm\" href=\"#\">\n\t\t\t\t\t\t<span class=\"elementor-button-content-wrapper\">\n\t\t\t\t\t\t<span class=\"elementor-button-icon\">\n\t\t\t\t<svg xmlns=\"http:\/\/www.w3.org\/2000\/svg\" width=\"22\" height=\"23\" viewBox=\"0 0 22 23\" fill=\"none\"><path d=\"M11.0002 0.833374L13.8811 8.61907L21.6668 11.5L13.8811 14.381L11.0002 22.1667L8.11919 14.381L0.333496 11.5L8.11919 8.61907L11.0002 0.833374Z\" fill=\"#6766FF\"><\/path><path d=\"M11.0002 0.833374L13.8811 8.61907L21.6668 11.5L13.8811 14.381L11.0002 22.1667L8.11919 14.381L0.333496 11.5L8.11919 8.61907L11.0002 0.833374Z\" fill=\"url(#paint0_linear_12_2448)\" fill-opacity=\"0.2\"><\/path><defs><linearGradient id=\"paint0_linear_12_2448\" x1=\"11.0498\" y1=\"0.833374\" x2=\"11.0498\" y2=\"22.1667\" gradientUnits=\"userSpaceOnUse\"><stop stop-color=\"white\"><\/stop><stop offset=\"1\" stop-color=\"white\" stop-opacity=\"0.4\"><\/stop><\/linearGradient><\/defs><\/svg>\t\t\t<\/span>\n\t\t\t\t\t\t\t\t\t<span class=\"elementor-button-text\">H\u00e9bergement S\u00e9curis\u00e9<\/span>\n\t\t\t\t\t<\/span>\n\t\t\t\t\t<\/a>\n\t\t\t\t\t\t\t\t<\/div>\n\t\t<div class=\"elementor-element elementor-element-065c116 e-con-full e-flex e-con e-child\" data-id=\"065c116\" data-element_type=\"container\" data-e-type=\"container\">\n\t\t\t\t<div class=\"elementor-element elementor-element-6ff2530 elementor-widget__width-initial elementor-widget elementor-widget-text-editor\" data-id=\"6ff2530\" data-element_type=\"widget\" data-e-type=\"widget\" data-widget_type=\"text-editor.default\">\n\t\t\t\t\t\t\t\t\t<p>Des environnements stables et performants pour vos applications critiques. Notre infrastructure garantit haute disponibilit\u00e9 et protection maximale de vos donn\u00e9es.<\/p>\t\t\t\t\t\t\t\t<\/div>\n\t\t\t\t<div class=\"elementor-element elementor-element-135f4ea elementor-align-center elementor-widget elementor-widget-button\" data-id=\"135f4ea\" data-element_type=\"widget\" data-e-type=\"widget\" data-widget_type=\"button.default\">\n\t\t\t\t\t\t\t\t\t\t<a class=\"elementor-button elementor-button-link elementor-size-sm\" href=\"https:\/\/www.cosmos.hosting\/web\/hebergement-securise\/\">\n\t\t\t\t\t\t<span class=\"elementor-button-content-wrapper\">\n\t\t\t\t\t\t<span class=\"elementor-button-icon\">\n\t\t\t\t<svg xmlns=\"http:\/\/www.w3.org\/2000\/svg\" width=\"800\" height=\"800\" viewBox=\"0 0 800 800\" fill=\"none\"><path d=\"M600 533.333C600 551.743 585.076 566.666 566.666 566.666C548.257 566.666 533.333 551.743 533.333 533.333V313.807L256.904 590.237C243.886 603.254 222.781 603.254 209.763 590.237C196.746 577.219 196.746 556.113 209.763 543.096L486.193 266.666H266.666C248.257 266.666 233.333 251.743 233.333 233.333C233.333 214.924 248.257 200.001 266.666 200H566.666C585.076 200 600 214.924 600 233.333V533.333Z\" fill=\"white\"><\/path><\/svg>\t\t\t<\/span>\n\t\t\t\t\t\t\t\t\t<span class=\"elementor-button-text\">Explore<\/span>\n\t\t\t\t\t<\/span>\n\t\t\t\t\t<\/a>\n\t\t\t\t\t\t\t\t<\/div>\n\t\t\t\t<\/div>\n\t\t\t\t<\/div>\n\t\t\t\t\t<\/div>\n\t\t\t\t<\/div>\n\t\t<div class=\"elementor-element elementor-element-669e052 animated-fast e-flex e-con-boxed elementor-invisible e-con e-parent\" data-id=\"669e052\" data-element_type=\"container\" data-e-type=\"container\" data-settings=\"{&quot;animation&quot;:&quot;fadeIn&quot;}\">\n\t\t\t\t\t<div class=\"e-con-inner\">\n\t\t<a class=\"eael-wrapper-link-30af853 --eael-wrapper-link-tag\" href=\"https:\/\/www.cosmos.hosting\/web\/infrastructure-as-a-service-iaas\/\"><\/a><div data-eael-wrapper-link=\"eael-wrapper-link-30af853\" class=\"elementor-element elementor-element-30af853 e-con-full e-flex e-con e-child\" data-id=\"30af853\" data-element_type=\"container\" data-e-type=\"container\" data-settings=\"{&quot;background_background&quot;:&quot;classic&quot;}\">\n\t\t\t\t<div class=\"elementor-element elementor-element-7846e65 elementor-align-left elementor-mobile-align-left elementor-widget elementor-widget-button\" data-id=\"7846e65\" data-element_type=\"widget\" data-e-type=\"widget\" data-widget_type=\"button.default\">\n\t\t\t\t\t\t\t\t\t\t<a class=\"elementor-button elementor-button-link elementor-size-sm\" href=\"#\">\n\t\t\t\t\t\t<span class=\"elementor-button-content-wrapper\">\n\t\t\t\t\t\t<span class=\"elementor-button-icon\">\n\t\t\t\t<svg xmlns=\"http:\/\/www.w3.org\/2000\/svg\" width=\"22\" height=\"23\" viewBox=\"0 0 22 23\" fill=\"none\"><path d=\"M11.0002 0.833374L13.8811 8.61907L21.6668 11.5L13.8811 14.381L11.0002 22.1667L8.11919 14.381L0.333496 11.5L8.11919 8.61907L11.0002 0.833374Z\" fill=\"#6766FF\"><\/path><path d=\"M11.0002 0.833374L13.8811 8.61907L21.6668 11.5L13.8811 14.381L11.0002 22.1667L8.11919 14.381L0.333496 11.5L8.11919 8.61907L11.0002 0.833374Z\" fill=\"url(#paint0_linear_12_2448)\" fill-opacity=\"0.2\"><\/path><defs><linearGradient id=\"paint0_linear_12_2448\" x1=\"11.0498\" y1=\"0.833374\" x2=\"11.0498\" y2=\"22.1667\" gradientUnits=\"userSpaceOnUse\"><stop stop-color=\"white\"><\/stop><stop offset=\"1\" stop-color=\"white\" stop-opacity=\"0.4\"><\/stop><\/linearGradient><\/defs><\/svg>\t\t\t<\/span>\n\t\t\t\t\t\t\t\t\t<span class=\"elementor-button-text\">Infrastructure as a Service (IaaS)<\/span>\n\t\t\t\t\t<\/span>\n\t\t\t\t\t<\/a>\n\t\t\t\t\t\t\t\t<\/div>\n\t\t<div class=\"elementor-element elementor-element-4b57d40 e-con-full e-flex e-con e-child\" data-id=\"4b57d40\" data-element_type=\"container\" data-e-type=\"container\">\n\t\t\t\t<div class=\"elementor-element elementor-element-819d7f6 elementor-widget__width-initial elementor-widget elementor-widget-text-editor\" data-id=\"819d7f6\" data-element_type=\"widget\" data-e-type=\"widget\" data-widget_type=\"text-editor.default\">\n\t\t\t\t\t\t\t\t\t<p>Gagnez en agilit\u00e9 avec une infrastructure flexible et puissante, ajustable \u00e0 vos projets. Id\u00e9al pour vos \u00e9quipes techniques, d\u00e9veloppeurs et ing\u00e9nieurs.<\/p>\t\t\t\t\t\t\t\t<\/div>\n\t\t\t\t<div class=\"elementor-element elementor-element-4955ce3 elementor-align-center elementor-widget elementor-widget-button\" data-id=\"4955ce3\" data-element_type=\"widget\" data-e-type=\"widget\" data-widget_type=\"button.default\">\n\t\t\t\t\t\t\t\t\t\t<a class=\"elementor-button elementor-button-link elementor-size-sm\" href=\"https:\/\/www.cosmos.hosting\/web\/infrastructure-as-a-service-iaas\/\">\n\t\t\t\t\t\t<span class=\"elementor-button-content-wrapper\">\n\t\t\t\t\t\t<span class=\"elementor-button-icon\">\n\t\t\t\t<svg xmlns=\"http:\/\/www.w3.org\/2000\/svg\" width=\"800\" height=\"800\" viewBox=\"0 0 800 800\" fill=\"none\"><path d=\"M600 533.333C600 551.743 585.076 566.666 566.666 566.666C548.257 566.666 533.333 551.743 533.333 533.333V313.807L256.904 590.237C243.886 603.254 222.781 603.254 209.763 590.237C196.746 577.219 196.746 556.113 209.763 543.096L486.193 266.666H266.666C248.257 266.666 233.333 251.743 233.333 233.333C233.333 214.924 248.257 200.001 266.666 200H566.666C585.076 200 600 214.924 600 233.333V533.333Z\" fill=\"white\"><\/path><\/svg>\t\t\t<\/span>\n\t\t\t\t\t\t\t\t\t<span class=\"elementor-button-text\">Explore<\/span>\n\t\t\t\t\t<\/span>\n\t\t\t\t\t<\/a>\n\t\t\t\t\t\t\t\t<\/div>\n\t\t\t\t<\/div>\n\t\t\t\t<\/div>\n\t\t\t\t\t<\/div>\n\t\t\t\t<\/div>\n\t\t<div class=\"elementor-element elementor-element-d2fbe03 animated-fast e-flex e-con-boxed elementor-invisible e-con e-parent\" data-id=\"d2fbe03\" data-element_type=\"container\" data-e-type=\"container\" data-settings=\"{&quot;animation&quot;:&quot;fadeIn&quot;}\">\n\t\t\t\t\t<div class=\"e-con-inner\">\n\t\t<a class=\"eael-wrapper-link-1138548 --eael-wrapper-link-tag\" href=\"https:\/\/www.cosmos.hosting\/web\/services-cloud-suisses\/\"><\/a><div data-eael-wrapper-link=\"eael-wrapper-link-1138548\" class=\"elementor-element elementor-element-1138548 e-con-full e-flex e-con e-child\" data-id=\"1138548\" data-element_type=\"container\" data-e-type=\"container\" data-settings=\"{&quot;background_background&quot;:&quot;classic&quot;}\">\n\t\t\t\t<div class=\"elementor-element elementor-element-4079cb0 elementor-align-left elementor-mobile-align-left elementor-widget elementor-widget-button\" data-id=\"4079cb0\" data-element_type=\"widget\" data-e-type=\"widget\" data-widget_type=\"button.default\">\n\t\t\t\t\t\t\t\t\t\t<a class=\"elementor-button elementor-button-link elementor-size-sm\" href=\"#\">\n\t\t\t\t\t\t<span class=\"elementor-button-content-wrapper\">\n\t\t\t\t\t\t<span class=\"elementor-button-icon\">\n\t\t\t\t<svg xmlns=\"http:\/\/www.w3.org\/2000\/svg\" width=\"22\" height=\"23\" viewBox=\"0 0 22 23\" fill=\"none\"><path d=\"M11.0002 0.833374L13.8811 8.61907L21.6668 11.5L13.8811 14.381L11.0002 22.1667L8.11919 14.381L0.333496 11.5L8.11919 8.61907L11.0002 0.833374Z\" fill=\"#6766FF\"><\/path><path d=\"M11.0002 0.833374L13.8811 8.61907L21.6668 11.5L13.8811 14.381L11.0002 22.1667L8.11919 14.381L0.333496 11.5L8.11919 8.61907L11.0002 0.833374Z\" fill=\"url(#paint0_linear_12_2448)\" fill-opacity=\"0.2\"><\/path><defs><linearGradient id=\"paint0_linear_12_2448\" x1=\"11.0498\" y1=\"0.833374\" x2=\"11.0498\" y2=\"22.1667\" gradientUnits=\"userSpaceOnUse\"><stop stop-color=\"white\"><\/stop><stop offset=\"1\" stop-color=\"white\" stop-opacity=\"0.4\"><\/stop><\/linearGradient><\/defs><\/svg>\t\t\t<\/span>\n\t\t\t\t\t\t\t\t\t<span class=\"elementor-button-text\">Services Cloud Suisses<\/span>\n\t\t\t\t\t<\/span>\n\t\t\t\t\t<\/a>\n\t\t\t\t\t\t\t\t<\/div>\n\t\t<div class=\"elementor-element elementor-element-5561640 e-con-full e-flex e-con e-child\" data-id=\"5561640\" data-element_type=\"container\" data-e-type=\"container\">\n\t\t\t\t<div class=\"elementor-element elementor-element-ee8a61f elementor-widget__width-initial elementor-widget elementor-widget-text-editor\" data-id=\"ee8a61f\" data-element_type=\"widget\" data-e-type=\"widget\" data-widget_type=\"text-editor.default\">\n\t\t\t\t\t\t\t\t\t<p>Une alternative souveraine et locale aux grands acteurs internationaux. Profitez d\u2019un cloud transparent, \u00e9volutif et conforme aux exigences l\u00e9gales suisses.<\/p>\t\t\t\t\t\t\t\t<\/div>\n\t\t\t\t<div class=\"elementor-element elementor-element-fec7d95 elementor-align-center elementor-widget elementor-widget-button\" data-id=\"fec7d95\" data-element_type=\"widget\" data-e-type=\"widget\" data-widget_type=\"button.default\">\n\t\t\t\t\t\t\t\t\t\t<a class=\"elementor-button elementor-button-link elementor-size-sm\" href=\"https:\/\/www.cosmos.hosting\/web\/services-cloud-suisses\/\">\n\t\t\t\t\t\t<span class=\"elementor-button-content-wrapper\">\n\t\t\t\t\t\t<span class=\"elementor-button-icon\">\n\t\t\t\t<svg xmlns=\"http:\/\/www.w3.org\/2000\/svg\" width=\"800\" height=\"800\" viewBox=\"0 0 800 800\" fill=\"none\"><path d=\"M600 533.333C600 551.743 585.076 566.666 566.666 566.666C548.257 566.666 533.333 551.743 533.333 533.333V313.807L256.904 590.237C243.886 603.254 222.781 603.254 209.763 590.237C196.746 577.219 196.746 556.113 209.763 543.096L486.193 266.666H266.666C248.257 266.666 233.333 251.743 233.333 233.333C233.333 214.924 248.257 200.001 266.666 200H566.666C585.076 200 600 214.924 600 233.333V533.333Z\" fill=\"white\"><\/path><\/svg>\t\t\t<\/span>\n\t\t\t\t\t\t\t\t\t<span class=\"elementor-button-text\">Explore<\/span>\n\t\t\t\t\t<\/span>\n\t\t\t\t\t<\/a>\n\t\t\t\t\t\t\t\t<\/div>\n\t\t\t\t<\/div>\n\t\t\t\t<\/div>\n\t\t\t\t\t<\/div>\n\t\t\t\t<\/div>\n\t\t<div class=\"elementor-element elementor-element-fe725da animated-fast e-flex e-con-boxed elementor-invisible e-con e-parent\" data-id=\"fe725da\" data-element_type=\"container\" data-e-type=\"container\" data-settings=\"{&quot;animation&quot;:&quot;fadeIn&quot;}\">\n\t\t\t\t\t<div class=\"e-con-inner\">\n\t\t<a class=\"eael-wrapper-link-fce1044 --eael-wrapper-link-tag\" href=\"https:\/\/www.cosmos.hosting\/web\/deploiement-migration-sur-mesure\/\"><\/a><div data-eael-wrapper-link=\"eael-wrapper-link-fce1044\" class=\"elementor-element elementor-element-fce1044 e-con-full e-flex e-con e-child\" data-id=\"fce1044\" data-element_type=\"container\" data-e-type=\"container\" data-settings=\"{&quot;background_background&quot;:&quot;classic&quot;}\">\n\t\t\t\t<div class=\"elementor-element elementor-element-f0e3abe elementor-align-left elementor-mobile-align-left elementor-widget elementor-widget-button\" data-id=\"f0e3abe\" data-element_type=\"widget\" data-e-type=\"widget\" data-widget_type=\"button.default\">\n\t\t\t\t\t\t\t\t\t\t<a class=\"elementor-button elementor-button-link elementor-size-sm\" href=\"#\">\n\t\t\t\t\t\t<span class=\"elementor-button-content-wrapper\">\n\t\t\t\t\t\t<span class=\"elementor-button-icon\">\n\t\t\t\t<svg xmlns=\"http:\/\/www.w3.org\/2000\/svg\" width=\"22\" height=\"23\" viewBox=\"0 0 22 23\" fill=\"none\"><path d=\"M11.0002 0.833374L13.8811 8.61907L21.6668 11.5L13.8811 14.381L11.0002 22.1667L8.11919 14.381L0.333496 11.5L8.11919 8.61907L11.0002 0.833374Z\" fill=\"#6766FF\"><\/path><path d=\"M11.0002 0.833374L13.8811 8.61907L21.6668 11.5L13.8811 14.381L11.0002 22.1667L8.11919 14.381L0.333496 11.5L8.11919 8.61907L11.0002 0.833374Z\" fill=\"url(#paint0_linear_12_2448)\" fill-opacity=\"0.2\"><\/path><defs><linearGradient id=\"paint0_linear_12_2448\" x1=\"11.0498\" y1=\"0.833374\" x2=\"11.0498\" y2=\"22.1667\" gradientUnits=\"userSpaceOnUse\"><stop stop-color=\"white\"><\/stop><stop offset=\"1\" stop-color=\"white\" stop-opacity=\"0.4\"><\/stop><\/linearGradient><\/defs><\/svg>\t\t\t<\/span>\n\t\t\t\t\t\t\t\t\t<span class=\"elementor-button-text\">D\u00e9ploiement &amp; Migration Sur Mesure<\/span>\n\t\t\t\t\t<\/span>\n\t\t\t\t\t<\/a>\n\t\t\t\t\t\t\t\t<\/div>\n\t\t<div class=\"elementor-element elementor-element-087e760 e-con-full e-flex e-con e-child\" data-id=\"087e760\" data-element_type=\"container\" data-e-type=\"container\">\n\t\t\t\t<div class=\"elementor-element elementor-element-24f3ebb elementor-widget__width-initial elementor-widget elementor-widget-text-editor\" data-id=\"24f3ebb\" data-element_type=\"widget\" data-e-type=\"widget\" data-widget_type=\"text-editor.default\">\n\t\t\t\t\t\t\t\t\t<p>Un accompagnement pas \u00e0 pas pour un passage fluide vers notre infrastructure. Z\u00e9ro interruption et un support humain \u00e0 chaque \u00e9tape.<\/p>\t\t\t\t\t\t\t\t<\/div>\n\t\t\t\t<div class=\"elementor-element elementor-element-45b84e2 elementor-align-center elementor-widget elementor-widget-button\" data-id=\"45b84e2\" data-element_type=\"widget\" data-e-type=\"widget\" data-widget_type=\"button.default\">\n\t\t\t\t\t\t\t\t\t\t<a class=\"elementor-button elementor-button-link elementor-size-sm\" href=\"https:\/\/www.cosmos.hosting\/web\/deploiement-migration-sur-mesure\/\">\n\t\t\t\t\t\t<span class=\"elementor-button-content-wrapper\">\n\t\t\t\t\t\t<span class=\"elementor-button-icon\">\n\t\t\t\t<svg xmlns=\"http:\/\/www.w3.org\/2000\/svg\" width=\"800\" height=\"800\" viewBox=\"0 0 800 800\" fill=\"none\"><path d=\"M600 533.333C600 551.743 585.076 566.666 566.666 566.666C548.257 566.666 533.333 551.743 533.333 533.333V313.807L256.904 590.237C243.886 603.254 222.781 603.254 209.763 590.237C196.746 577.219 196.746 556.113 209.763 543.096L486.193 266.666H266.666C248.257 266.666 233.333 251.743 233.333 233.333C233.333 214.924 248.257 200.001 266.666 200H566.666C585.076 200 600 214.924 600 233.333V533.333Z\" fill=\"white\"><\/path><\/svg>\t\t\t<\/span>\n\t\t\t\t\t\t\t\t\t<span class=\"elementor-button-text\">Explore<\/span>\n\t\t\t\t\t<\/span>\n\t\t\t\t\t<\/a>\n\t\t\t\t\t\t\t\t<\/div>\n\t\t\t\t<\/div>\n\t\t\t\t<\/div>\n\t\t\t\t\t<\/div>\n\t\t\t\t<\/div>\n\t\t<div class=\"elementor-element elementor-element-ca5298e animated-fast e-flex e-con-boxed elementor-invisible e-con e-parent\" data-id=\"ca5298e\" data-element_type=\"container\" data-e-type=\"container\" data-settings=\"{&quot;animation&quot;:&quot;fadeIn&quot;}\">\n\t\t\t\t\t<div class=\"e-con-inner\">\n\t\t<a class=\"eael-wrapper-link-6d2d7df --eael-wrapper-link-tag\" href=\"https:\/\/www.cosmos.hosting\/web\/support-humain-et-expert\/\"><\/a><div data-eael-wrapper-link=\"eael-wrapper-link-6d2d7df\" class=\"elementor-element elementor-element-6d2d7df e-con-full e-flex e-con e-child\" data-id=\"6d2d7df\" data-element_type=\"container\" data-e-type=\"container\" data-settings=\"{&quot;background_background&quot;:&quot;classic&quot;}\">\n\t\t\t\t<div class=\"elementor-element elementor-element-57680fe elementor-align-left elementor-mobile-align-left elementor-widget elementor-widget-button\" data-id=\"57680fe\" data-element_type=\"widget\" data-e-type=\"widget\" data-widget_type=\"button.default\">\n\t\t\t\t\t\t\t\t\t\t<a class=\"elementor-button elementor-button-link elementor-size-sm\" href=\"#\">\n\t\t\t\t\t\t<span class=\"elementor-button-content-wrapper\">\n\t\t\t\t\t\t<span class=\"elementor-button-icon\">\n\t\t\t\t<svg xmlns=\"http:\/\/www.w3.org\/2000\/svg\" width=\"22\" height=\"23\" viewBox=\"0 0 22 23\" fill=\"none\"><path d=\"M11.0002 0.833374L13.8811 8.61907L21.6668 11.5L13.8811 14.381L11.0002 22.1667L8.11919 14.381L0.333496 11.5L8.11919 8.61907L11.0002 0.833374Z\" fill=\"#6766FF\"><\/path><path d=\"M11.0002 0.833374L13.8811 8.61907L21.6668 11.5L13.8811 14.381L11.0002 22.1667L8.11919 14.381L0.333496 11.5L8.11919 8.61907L11.0002 0.833374Z\" fill=\"url(#paint0_linear_12_2448)\" fill-opacity=\"0.2\"><\/path><defs><linearGradient id=\"paint0_linear_12_2448\" x1=\"11.0498\" y1=\"0.833374\" x2=\"11.0498\" y2=\"22.1667\" gradientUnits=\"userSpaceOnUse\"><stop stop-color=\"white\"><\/stop><stop offset=\"1\" stop-color=\"white\" stop-opacity=\"0.4\"><\/stop><\/linearGradient><\/defs><\/svg>\t\t\t<\/span>\n\t\t\t\t\t\t\t\t\t<span class=\"elementor-button-text\">Support Humain et Expert<\/span>\n\t\t\t\t\t<\/span>\n\t\t\t\t\t<\/a>\n\t\t\t\t\t\t\t\t<\/div>\n\t\t<div class=\"elementor-element elementor-element-1ab26e4 e-con-full e-flex e-con e-child\" data-id=\"1ab26e4\" data-element_type=\"container\" data-e-type=\"container\">\n\t\t\t\t<div class=\"elementor-element elementor-element-5e69a02 elementor-widget__width-initial elementor-widget elementor-widget-text-editor\" data-id=\"5e69a02\" data-element_type=\"widget\" data-e-type=\"widget\" data-widget_type=\"text-editor.default\">\n\t\t\t\t\t\t\t\t\t<p>Des experts disponibles, r\u00e9actifs et proches de vous \u2013 pas de bots, seulement un accompagnement humain, comp\u00e9tent et disponible.<\/p>\t\t\t\t\t\t\t\t<\/div>\n\t\t\t\t<div class=\"elementor-element elementor-element-162fb72 elementor-align-center elementor-widget elementor-widget-button\" data-id=\"162fb72\" data-element_type=\"widget\" data-e-type=\"widget\" data-widget_type=\"button.default\">\n\t\t\t\t\t\t\t\t\t\t<a class=\"elementor-button elementor-button-link elementor-size-sm\" href=\"https:\/\/www.cosmos.hosting\/web\/support-humain-et-expert\/\">\n\t\t\t\t\t\t<span class=\"elementor-button-content-wrapper\">\n\t\t\t\t\t\t<span class=\"elementor-button-icon\">\n\t\t\t\t<svg xmlns=\"http:\/\/www.w3.org\/2000\/svg\" width=\"800\" height=\"800\" viewBox=\"0 0 800 800\" fill=\"none\"><path d=\"M600 533.333C600 551.743 585.076 566.666 566.666 566.666C548.257 566.666 533.333 551.743 533.333 533.333V313.807L256.904 590.237C243.886 603.254 222.781 603.254 209.763 590.237C196.746 577.219 196.746 556.113 209.763 543.096L486.193 266.666H266.666C248.257 266.666 233.333 251.743 233.333 233.333C233.333 214.924 248.257 200.001 266.666 200H566.666C585.076 200 600 214.924 600 233.333V533.333Z\" fill=\"white\"><\/path><\/svg>\t\t\t<\/span>\n\t\t\t\t\t\t\t\t\t<span class=\"elementor-button-text\">Explore<\/span>\n\t\t\t\t\t<\/span>\n\t\t\t\t\t<\/a>\n\t\t\t\t\t\t\t\t<\/div>\n\t\t\t\t<\/div>\n\t\t\t\t<\/div>\n\t\t\t\t\t<\/div>\n\t\t\t\t<\/div>\n\t\t\t\t<\/div>\n\t\t","protected":false},"excerpt":{"rendered":"<p>Nos Services Chez Cosmos, nous offrons bien plus qu\u2019un simple h\u00e9bergement. Chaque service est con\u00e7u pour s\u2019adapter \u00e0 votre r\u00e9alit\u00e9, garantir la souverainet\u00e9 de vos donn\u00e9es, et vous accompagner avec un support humain et expert. D\u00e9couvrez notre offre sur mesure. H\u00e9bergement S\u00e9curis\u00e9 Des environnements stables et performants pour vos applications critiques. Notre infrastructure garantit haute [&hellip;]<\/p>\n","protected":false},"author":1,"featured_media":0,"parent":0,"menu_order":0,"comment_status":"closed","ping_status":"closed","template":"","meta":{"_jet_sm_ready_style":"","_jet_sm_style":"","_jet_sm_controls_values":"","_jet_sm_fonts_collection":"","_jet_sm_fonts_links":"","footnotes":""},"class_list":["post-30","page","type-page","status-publish","hentry"],"_links":{"self":[{"href":"https:\/\/www.cosmos.hosting\/web\/wp-json\/wp\/v2\/pages\/30","targetHints":{"allow":["GET"]}}],"collection":[{"href":"https:\/\/www.cosmos.hosting\/web\/wp-json\/wp\/v2\/pages"}],"about":[{"href":"https:\/\/www.cosmos.hosting\/web\/wp-json\/wp\/v2\/types\/page"}],"author":[{"embeddable":true,"href":"https:\/\/www.cosmos.hosting\/web\/wp-json\/wp\/v2\/users\/1"}],"replies":[{"embeddable":true,"href":"https:\/\/www.cosmos.hosting\/web\/wp-json\/wp\/v2\/comments?post=30"}],"version-history":[{"count":0,"href":"https:\/\/www.cosmos.hosting\/web\/wp-json\/wp\/v2\/pages\/30\/revisions"}],"wp:attachment":[{"href":"https:\/\/www.cosmos.hosting\/web\/wp-json\/wp\/v2\/media?parent=30"}],"curies":[{"name":"wp","href":"https:\/\/api.w.org\/{rel}","templated":true}]}}